4*u + k = -9*u - 30, -u - 6 = -4*k. Let j(p) = -3*p + 9. What is the units digit of j(u)?
7
Let h = 219 - 154. What is the units digit of h?
5
Suppose -18 + 113 = k + y, -86 = -k + 2*y. What is the tens digit of k?
9
Let j = -33 - -97. What is the units digit of j?
4
What is the tens digit of ((-74)/(-5))/(6/30)?
7
Let g(d) = -93*d - 13. What is the tens digit of g(-5)?
5
Suppose t + 2*t - 18 = 0. Let c be 3/t*-2*1. What is the units digit of (3 + c - 2) + 2?
2
Let k(o) = -o**3 - 8*o**2 - 8*o - 7. Let s be k(-7). Suppose s = w - 2*w + 7. What is the units digit of w?
7
Let s(c) = c - 3. Let j be s(5). Suppose j*h + 78 = 4*o, -3*h - 5 = -o + 2. Suppose k + k = -3*i + o, 0 = 5*i + 5*k - 40. What is the units digit of i?
6
Suppose 17 - 2 = 5*s. Let q be ((-3)/6)/(1/(-4)). Suppose -4*o = -2*p + 30, -q*p - 2*o + 27 = s*p. What is the units digit of p?
7
Suppose -t + 12 = 2*t. Suppose t*d + 4 = 0, -4*n - n + d = -11. What is the units digit of (-5 - -4) + 20/n?
9
Suppose 3*z - 120 = -4*b, 2*b = 2*z - 2*b - 80. What is the units digit of z + 2 + (-6)/2?
9
Let g be (-6)/(-14) + 54/21. Let f = g - -27. What is the tens digit of f?
3
Let g = 428 + -271. What is the units digit of g?
7
Let l(t) = t + 3. Let n be l(-3). Suppose n = q + s + 1, 0 = q - s - 3 - 2. What is the units digit of q?
2
Let w be (2 - 0)*(-10)/(-4). Let g = 32 - w. What is the units digit of g?
7
Let v = 8 + -7. Let q(l) be the third derivative of l**4/12 + l**3/6 - l**2. What is the units digit of q(v)?
3
Let o(g) = g**3 - 6*g**2 + 4*g + 5. Let i be o(5). Let f be (-2)/1 + i + 6. Suppose -f*b + 62 = b - j, -4*b = -3*j - 43. What is the units digit of b?
3
Suppose 2*g = o + 1, g - 3*g = -3*o - 11. What is the units digit of ((-7)/g)/((-1)/(-2))?
7
Let u = -9 - -1. Let t(i) = i**2 + 8*i + 2. Let l be t(u). Let s(x) = x**3 - x**2 + x + 1. What is the units digit of s(l)?
7
Let r(y) = -y**3 - 22*y**2 - 24*y - 12. What is the tens digit of r(-21)?
5
Let f = 47 + -4. What is the units digit of f?
3
Let w(o) = o**2 - 9*o + 9. What is the units digit of w(8)?
1
Let l(u) = -u**3 + 5*u**2 + 3*u - 2. Let s be l(5). Suppose 2 - s = -i. What is the tens digit of i?
1
What is the units digit of 2*1/2*38?
8
What is the hundreds digit of (16 + -172)*((-1 - 0) + 0)?
1
Let l(y) = 27*y + 1. What is the units digit of l(1)?
8
What is the tens digit of (160/25 + -4)*465/6?
8
Let s be 8/(-20) + 36/15. Suppose -5 = v, s*q - 4*q - 5*v + 65 = 0. What is the units digit of q?
5
What is the units digit of 224/21 + (-2)/3?
0
Let t be 7/(2 + 1 + -2). Let r(j) = j. Let c(y) = -2*y. Let h(z) = t*r(z) + 4*c(z). What is the units digit of h(-8)?
8
Let q = -9 + 12. Suppose q*d + u = 82, -5*u + 12 - 50 = -d. Suppose -d = -y + 5*b, 5*y - 3*b = 2*b + 80. What is the units digit of y?
3
Let d(x) = 3*x + 79. What is the hundreds digit of d(28)?
1
Let u(r) = -2*r - 1. Suppose 5*d + 20 = -5*w, -17 = 2*w + 6*d - d. What is the units digit of u(w)?
1
Let w = -137 - -320. What is the tens digit of w?
8
Let q(m) = m**3 + 13*m**2 + 13*m - 20. What is the hundreds digit of q(-10)?
1
Let h = -59 + 233. What is the hundreds digit of h?
1
Let o be 0/1 - (1 - 4). Suppose -4*g = 3*a - 26, 0 = -5*a + o*a + 5*g - 21. What is the units digit of a?
2
Let y be (-4)/6*(0 - 6). Suppose -3*j = -5*v + 12, -4*v = -3*v - 3*j - 12. Suppose s + y*s - 50 = v. What is the units digit of s?
0
Suppose -2*r - j = -60, 4 = -0*j + 2*j. What is the units digit of r?
9
Let m be 0 + (16 - (0 - -2)). Let v be (-30)/7 - (-4)/m. Let d = v - -6. What is the units digit of d?
2
Let t(z) = z**3 - 3*z**2 + 3*z - 2. Let n be ((-6)/(-5))/(4/10). What is the units digit of t(n)?
7
Let z = 10 - -181. What is the units digit of z?
1
What is the tens digit of -340*(4 - 9/2)?
7
Suppose -60 = 6*h - 9*h. Suppose -3*s + 7*s - h = 0. What is the units digit of s?
5
Let w(s) be the third derivative of s**5/60 - s**4/4 - s**3 - 2*s**2. What is the units digit of w(8)?
0
Let s(m) = 10*m. Let k be s(1). Let h(n) be the third derivative of -n**4/24 + 7*n**3/2 + 5*n**2. What is the units digit of h(k)?
1
Suppose -11 - 3 = -2*w. Let r(u) = u - 6. Let c be r(w). What is the units digit of 3 + (-1 - 1)*c?
1
Let r(x) = 3*x + 4. Let g(t) = 1. Let j(i) = 6*g(i) - r(i). What is the tens digit of j(-3)?
1
Let r(z) = 40*z - 9. Let d be r(7). Let p = d + -162. Suppose 0 = -2*h + 1 - 5, -p = -5*f + 2*h. What is the units digit of f?
1
Let i(j) = -j**2 - 3*j - 4. Let h be i(-3). Let m = -3 - -2. Let s = m - h. What is the units digit of s?
3
Let b be (-8)/(-20) - 3/(-5). Let d be (-1 - -4) + (b - 12). Let t = d + 9. What is the units digit of t?
1
Suppose -4*u + 4*w - 2*w = -78, 4*w = 4. Suppose b + 3 = u. What is the tens digit of b?
1
Suppose -3*g = -4*g. Let c(q) = -4*q - 9. Let b be c(-3). Suppose -b*u + 14 + 1 = g. What is the units digit of u?
5
Suppose -4*w - 17 = 79. Let z = w + 45. What is the tens digit of z?
2
Suppose 2*d - 5*d + 15 = 0. Suppose 4 = -d*h + 24. What is the units digit of (-6)/h*(-1 + -1)?
3
Suppose -62 = 4*y - 150. What is the units digit of y?
2
Let w = 69 - 47. Suppose 2*a = 34 + w. What is the units digit of a?
8
Let f(o) = o**3 - 9*o**2 + 8*o + 6. Let u be f(8). Let t be (-3)/9 + 32/u. Let m = t + -3. What is the units digit of m?
2
Let r = 8 + -3. Suppose 5*z + 0*z = -r*t + 125, -2*t - 55 = -3*z. What is the tens digit of z?
2
Let a be ((1 - 4) + -3)/(-2). Suppose -12 = a*s - 4*s. What is the units digit of s?
2
Suppose 2*a - 10 = 2*q - 4*q, 4*q + 4 = 0. Suppose -5*k + 3*y = 0, -4*y + a = -k - 11. What is the units digit of k?
3
Suppose -2*n + 17 - 5 = 0. What is the tens digit of 2/n - (-376)/24?
1
Let x be 3/(-2) + (-91)/(-2). What is the units digit of 4/(-10)*(-11 - x)?
2
Suppose -5*u = -3*x - 0*u + 272, 0 = -5*x + u + 424. What is the tens digit of x?
8
Suppose 4*b - 21 = -4*s + 35, 0 = 3*b - 15. What is the units digit of s?
9
Let r(j) = -j - 3. Let x = -5 - -15. Let i be 6/x - 165/25. What is the units digit of r(i)?
3
Let f be 0/((-3)/(-3 + 0)). Suppose 3*x = -d + 16, x + 4*d + 2 = -f. What is the units digit of x?
6
Let q be (-5)/((15/(-9))/5). Let b be 575/q + (-1)/3. Let p = b + -25. What is the units digit of p?
3
Let n = 63 - 16. What is the units digit of n?
7
Suppose -32 = 3*r - 2. Let a(w) = w**3 + 10*w**2 - w + 10. What is the units digit of a(r)?
0
Let i = 33 + -28. What is the units digit of i?
5
Let f(t) = -56*t + 12. What is the units digit of f(-3)?
0
Let i be (1/(-2))/((-4)/(-80)). Let s(m) = 7*m + 15. Let d(c) = -8*c - 16. Let z(n) = -6*d(n) - 7*s(n). What is the units digit of z(i)?
1
Let h(p) = -p**2 + 7*p - 2. Let t be h(6). Suppose -5*n + t = -61. What is the units digit of n?
3
Let m(p) = -p**3 - 2*p**2 + p - 6. What is the hundreds digit of m(-6)?
1
Let y be 2/(((-36)/(-105))/6). Let q = -8 + y. What is the units digit of q?
7
Let r = 346 + -201. What is the units digit of r?
5
Let v be 2/5 - (-56)/35. Suppose -n = -v*n + 3*g + 18, 3*g - 30 = -3*n. What is the tens digit of n?
1
Let o(t) = 6*t**3 - t**2 + t - 1. Let u = -5 - -3. Let w(i) = i**2 + 2*i + 1. Let d be w(u). What is the units digit of o(d)?
5
Let c = -67 + 94. What is the units digit of c?
7
Let a(f) = -f**3 - f**2 + 8*f + 6. What is the units digit of a(-4)?
2
Suppose 0 = 5*v + 5*w - 2*w - 9, 17 = 3*v - 4*w. Suppose 2*t = 3*t - 5*c - 13, -3*t - v*c = -21. Suppose 2*i - 16 - t = 0. What is the units digit of i?
2
Suppose 0 = -3*x + 5*x - 14. What is the units digit of (0 - -1 - 0) + x?
8
What is the tens digit of (-2)/5 + 152/5?
3
Let w be ((-8)/3 + -1)*-3. Let a(s) = s**3 - 11*s**2 + s - 2. What is the units digit of a(w)?
9
Let r = -21 - -17. Let v(t) = -t + 5. What is the units digit of v(r)?
9
Let k be (-3 - (2 + -8)) + 34. Suppose 0 = -5*z + 43 + k. What is the tens digit of z?
1
Let g(v) = 4*v. Let q(o) = o - 5. Let h(l) = l**3 - l**2 + 2. Let a be h(2). Let j be q(a). What is the units digit of g(j)?
4
Suppose -3*u + 29 = 4*i, 4*u - 21 = -9. Suppose -5*v - i*k + k = -105, 100 = 5*v + 3*k. What is the tens digit of v?
1
Let p be -1*(-2)/((-2)/(-19)). Suppose d + 5*z = -p, -2*d + 26 = -d - 4*z. What is the units digit of d?
6
Let t = -16 + 70. Suppose -5*o = 3*i - t, -3*i + 29 = -2*i - 2*o. Suppose 0 = -3*h - 4*b + 17, -i = -5*h + 3*b - 7*b. What is the units